{"id":422,"date":"2023-08-31T13:45:31","date_gmt":"2023-08-31T13:45:31","guid":{"rendered":"https:\/\/demo.janngredig.ch\/?page_id=422"},"modified":"2024-04-21T18:20:33","modified_gmt":"2024-04-21T16:20:33","slug":"impressum","status":"publish","type":"page","link":"https:\/\/janngredig.ch\/en\/impressum\/","title":{"rendered":"Impressum"},"content":{"rendered":"<p>Inhaber der Seite und verantwortlich f\u00fcr den Inhalt:<\/p>\n<p>Jann Gredig<br \/>\n7050 Arosa \u2013 Schweiz<\/p>\n<p>kontakt(at)janngredig.ch<\/p>\n<p>&nbsp;Webdesign: Monika Moser<\/p>\n<p><strong>\u00a9 Copyright 2024 by Jann Gredig<\/strong><\/p>\n<p>Alle Rechte vorbehalten. S\u00e4mtliche Text, Bilder, Grafiken sowie deren Anordnung auf der Webseite janngredig.ch\u00a0unterliegen dem Schutz des Urheberrechts und anderer Schutzgesetze. Der Inhalt dieser Websites darf nicht zu kommerziellen Zwecken kopiert, verbreitet, ver\u00e4ndert oder Dritten zug\u00e4nglich gemacht werden. Sie d\u00fcrfen die Inhalte ansehen, ausdrucken und kopieren, sofern dies f\u00fcr den pers\u00f6nlichen und nicht kommerziellen Gebrauch erfolgt. Der Nachdruck, eine Aufnahme in andere Online-Dienste und die Vervielf\u00e4ltigung, einschliesslich einer Speicherung auf optischen und elektronischen Datentr\u00e4gern, ist nur mit schriftlicher Zustimmung des Rechtsinhabers gestattet.<\/p>\n<h4>Haftungsausschluss<\/h4>\n<p>Diese Website wurde mit gr\u00f6sstm\u00f6glicher Sorgfalt zusammengestellt. Trotzdem k\u00f6nnen wir f\u00fcr die Fehlerfreiheit und Genauigkeit der enthaltenen Informationen nicht garantieren. Wir schliessen jegliche Haftung f\u00fcr Sch\u00e4den, die direkt oder indirekt aus der Benutzung dieser Website entstehen, aus, soweit diese nicht auf\u00a0 Vorsatz oder grober Fahrl\u00e4ssigkeit von unserer Seite beruhen.<\/p>\n<h4>Geistiges Eigentum<\/h4>\n<p>Das in der Website janngredig.ch enthaltene geistige Eigentum wie Urheberrechte, Designrechte, etc. ist gesch\u00fctzt. Durch diese Website wird keine Lizenz zur Nutzung des geistigen Eigentums von janngredig.ch und dem Design von Monika Moser oder Dritten erteilt.<\/p>\n<h4>Datenschutz<\/h4>\n<p>Ich freue mich \u00fcber Ihren Besuch auf dieser Website und Ihr Interesse an den Inhalten. S\u00e4mtliche auf der Website janngredig.ch erhobenen pers\u00f6nlichen Daten werden ausschliesslich zu Ihrer individuellen Betreuung oder der \u00dcbersendung von Informationen zu den Angeboten, gespeichert, verarbeitet und nicht an Dritte weitergegeben. Jann Gredig\u00a0sichert Kunden und Besuchern zu, dass Ihre Angaben entsprechend den geltenden datenschutzrechtlichen Bestimmungen vertraulich behandelt werden.<\/p>\n<p><a href=\"https:\/\/janngredig.ch\/datenschutz\/\">Datenschutzerkl\u00e4rung<\/a><\/p>\n<p>Arosa, im April 2024<\/p>\n<p>&nbsp;<\/p>","protected":false},"excerpt":{"rendered":"<p>Inhaber der Seite und verantwortlich f\u00fcr den Inhalt: Jann Gredig 7050 Arosa &#8211; Schweiz kontakt(at)janngredig.ch &nbsp;Webdesign: Monika Moser \u00a9 Copyright&hellip;<\/p>","protected":false},"author":1,"featured_media":0,"parent":0,"menu_order":0,"comment_status":"closed","ping_status":"closed","template":"","meta":{"_lmt_disableupdate":"","_lmt_disable":"","advanced_seo_description":"","jetpack_seo_html_title":"","jetpack_seo_noindex":false,"jetpack_seo_schema_type":"","ngg_post_thumbnail":0,"footnotes":""},"class_list":["post-422","page","type-page","status-publish","hentry"],"_links":{"self":[{"href":"https:\/\/janngredig.ch\/en\/wp-json\/wp\/v2\/pages\/422","targetHints":{"allow":["GET"]}}],"collection":[{"href":"https:\/\/janngredig.ch\/en\/wp-json\/wp\/v2\/pages"}],"about":[{"href":"https:\/\/janngredig.ch\/en\/wp-json\/wp\/v2\/types\/page"}],"author":[{"embeddable":true,"href":"https:\/\/janngredig.ch\/en\/wp-json\/wp\/v2\/users\/1"}],"replies":[{"embeddable":true,"href":"https:\/\/janngredig.ch\/en\/wp-json\/wp\/v2\/comments?post=422"}],"version-history":[{"count":0,"href":"https:\/\/janngredig.ch\/en\/wp-json\/wp\/v2\/pages\/422\/revisions"}],"wp:attachment":[{"href":"https:\/\/janngredig.ch\/en\/wp-json\/wp\/v2\/media?parent=422"}],"curies":[{"name":"wp","href":"https:\/\/api.w.org\/{rel}","templated":true}]}}

<p>Inhaber der Seite und verantwortlich für den Inhalt:</p>
<p>Jann Gredig<br />
7050 Arosa – Schweiz</p>
<p>kontakt(at)janngredig.ch</p>
<p>&nbsp;Webdesign: Monika Moser</p>
<p><strong>© Copyright 2024 by Jann Gredig</strong></p>
<p>Alle Rechte vorbehalten. Sämtliche Text, Bilder, Grafiken sowie deren Anordnung auf der Webseite janngredig.ch unterliegen dem Schutz des Urheberrechts und anderer Schutzgesetze. Der Inhalt dieser Websites darf nicht zu kommerziellen Zwecken kopiert, verbreitet, verändert oder Dritten zugänglich gemacht werden. Sie dürfen die Inhalte ansehen, ausdrucken und kopieren, sofern dies für den persönlichen und nicht kommerziellen Gebrauch erfolgt. Der Nachdruck, eine Aufnahme in andere Online-Dienste und die Vervielfältigung, einschliesslich einer Speicherung auf optischen und elektronischen Datenträgern, ist nur mit schriftlicher Zustimmung des Rechtsinhabers gestattet.</p>
<h4>Haftungsausschluss</h4>
<p>Diese Website wurde mit grösstmöglicher Sorgfalt zusammengestellt. Trotzdem können wir für die Fehlerfreiheit und Genauigkeit der enthaltenen Informationen nicht garantieren. Wir schliessen jegliche Haftung für Schäden, die direkt oder indirekt aus der Benutzung dieser Website entstehen, aus, soweit diese nicht auf  Vorsatz oder grober Fahrlässigkeit von unserer Seite beruhen.</p>
<h4>Geistiges Eigentum</h4>
<p>Das in der Website janngredig.ch enthaltene geistige Eigentum wie Urheberrechte, Designrechte, etc. ist geschützt. Durch diese Website wird keine Lizenz zur Nutzung des geistigen Eigentums von janngredig.ch und dem Design von Monika Moser oder Dritten erteilt.</p>
<h4>Datenschutz</h4>
<p>Ich freue mich über Ihren Besuch auf dieser Website und Ihr Interesse an den Inhalten. Sämtliche auf der Website janngredig.ch erhobenen persönlichen Daten werden ausschliesslich zu Ihrer individuellen Betreuung oder der Übersendung von Informationen zu den Angeboten, gespeichert, verarbeitet und nicht an Dritte weitergegeben. Jann Gredig sichert Kunden und Besuchern zu, dass Ihre Angaben entsprechend den geltenden datenschutzrechtlichen Bestimmungen vertraulich behandelt werden.</p>
<p><a href="https://janngredig.ch/datenschutz/">Datenschutzerklärung</a></p>
<p>Arosa, im April 2024</p>
<p>&nbsp;</p>

<p>Inhaber der Seite und verantwortlich für den Inhalt: Jann Gredig 7050 Arosa &#8211; Schweiz kontakt(at)janngredig.ch &nbsp;Webdesign: Monika Moser © Copyright&hellip;</p>
